 common factor of i and y?
17
Suppose -2*q = -q - 34. Suppose g - 3*g + q = 0. Let z = -65 - -218. Calculate the greatest common factor of z and g.
17
Let h be -4*3*(-3)/9. Suppose -2 - 46 = -h*r. Let v be 3 + 18 + (2 - -1). What is the highest common divisor of v and r?
12
Let v(t) = -t**2 + 13*t - 24. Let h be v(4). What is the highest common factor of h and 24?
12
Let w(u) = 4*u + 20. Let k(n) = -2*n**2 - 29*n - 32. Let l be k(-13). Let c be w(l). What is the highest common factor of c and 192?
48
Suppose v - 19 = 121. What is the highest common factor of v and 28?
28
Let c = -58 + 60. Suppose -194 = -c*h + 306. Calculate the greatest common divisor of 100 and h.
50
Suppose -680*m + 674*m = -240. What is the highest common divisor of m and 300?
20
Let y be (-17)/(-34) + (-2 - 38/(-4)). What is the greatest common divisor of y and 304?
8
Let f be (-730)/(-13) + (-5 - 441/(-91)). What is the highest common divisor of 21 and f?
7
Let j be -2 + 1 + -2 + 11. Calculate the highest common factor of j and 6.
2
Let s = -142 - -156. Let k = -52 + 206. What is the greatest common divisor of s and k?
14
Suppose -2565 = -157*o + 138*o. What is the highest common divisor of 330 and o?
15
Let n be (-123)/(-3) + (3 - (-3 + 12)). Suppose -2*w + 632 = -0*w - 2*c, 0 = 3*w - 2*c - 947. Calculate the highest common factor of w and n.
35
Suppose -3*x + 2*x = 3*f + 415, 0 = 5*f - 4*x + 703. Let z = f + 150. What is the greatest common divisor of 88 and z?
11
Suppose 5*h = -6*v + v + 30, 4*v + 16 = 0. Let x(r) = r**3 - 10*r**2 + 2*r + 7. Let p be x(h). What is the greatest common divisor of p and 18?
9
Let i be ((-21)/(-3) - -3)*(-21)/(-35). What is the highest common divisor of i and 30?
6
Suppose -5*l = 5*o - 200, 4*l - 36 = -3*o + 120. Calculate the highest common factor of l and 12.
12
Let m(k) = k**3 - 9*k**2 + 8*k + 8. Let d(r) = 8*r - 23. Let w be d(4). Let o be m(w). What is the highest common divisor of 32 and o?
16
Let a(i) = -3*i**2 + 59*i - 49. Let l be a(18). What is the highest common factor of 164 and l?
41
Suppose 0*o + 2*f + 200 = 2*o, 2*o - f = 205. Let l = -75 + 117. Calculate the greatest common factor of l and o.
21
Suppose -4*u + 594 = -990. What is the greatest common divisor of 216 and u?
36
Let f(o) = o**3 - 4*o**2 + o - 3. Let w be f(4). Let u = w - -5. Let h be (-300)/(-21) - u/21. Calculate the greatest common divisor of 21 and h.
7
Suppose 4*g + 48 = 5*c, 27*c + 30 = 29*c + 2*g. What is the greatest common factor of c and 150?
6
Let h(u) = u**3 - 4*u. Let f be h(-3). Let l = -9 - f. What is the greatest common divisor of 48 and l?
6
Let c = -1140 - -1450. Calculate the highest common factor of c and 496.
62
Suppose -9 = 3*j - 48. Suppose 0 = 2*l + j - 47. Calculate the highest common divisor of l and 17.
17
Suppose -603 = -4*j + 3*n - 102, 0 = 3*j + 2*n - 397. What is the greatest common divisor of 43 and j?
43
Let u be 3 + 15/(-6)*12/(-15). Suppose 0*t - t - 3*x = -45, -u*t + 2*x = -208. What is the highest common factor of t and 21?
21
Suppose 140 = 9*u + 5*u. Suppose -7 - 8 = -3*h. Suppose 0 = h*a + 3 - 23. Calculate the greatest common divisor of a and u.
2
Suppose 51*u - 708 = 4596. What is the greatest common factor of u and 1976?
104
Suppose 0 = 3*y - 232 + 34. What is the highest common factor of 44 and y?
22
Let q = 0 + 15. Let f(v) = v**3 + 2*v**2 - v - 3. Let y be f(-3). Let k be (-2)/(-6) + (-1077)/y. Calculate the highest common factor of q and k.
15
Let k(v) = v**2 - 5*v - 19. Let j be k(-4). Suppose 0 = -m + 2*q + 157, -5*m + q + 771 = -2*q. What is the greatest common divisor of m and j?
17
Let c = -182 + 189. Let q = -4 - 6. Let l = -3 - q. Calculate the greatest common divisor of c and l.
7
Suppose 2 = i - 4*w + 4, -4 = 2*i + 2*w. Let p be (-237)/(-6) - (-1)/i. Calculate the highest common divisor of 26 and p.
13
Let t be (-2)/3 + 10/6. Let h be t*-2 + (-1 - -15). Suppose 0 = -24*b + 27*b - 18. Calculate the greatest common divisor of b and h.
6
Let s = 39 + -32. Suppose l = s*l - 114. Calculate the greatest common divisor of l and 95.
19
Suppose -o - d + 14 = 0, -2*o + 4*o = 5*d + 56. Let h(n) = 14*n - 1. Let b be h(1). Let j = -7 + b. Calculate the highest common divisor of o and j.
6
Let k(x) = 5*x**3 + 115*x**2 - x + 5. Let f be k(-23). Calculate the greatest common factor of 1204 and f.
28
Let n be 149/6 + (-700)/840. What is the greatest common divisor of 636 and n?
12
Suppose -103*u = -107*u + 228. What is the greatest common divisor of 57 and u?
57
Let k(u) = -10*u + 2. Let v(j) = j**2 - 7*j - 10. Let o be v(8). Let l be k(o). Suppose m - 39 = 5. What is the greatest common factor of l and m?
22
Let a be 1/((3/(-18))/(-1)). Let l = -3 - a. Let j(k) = -k**2 - 14*k - 6. Let w be j(l). Calculate the highest common divisor of w and 13.
13
Let n be (-2)/8 - (-111)/12. Let t be -8 - (-11 + 9 + -9). What is the highest common divisor of n and t?
3
Let h = 1548 + -1546. What is the greatest common divisor of 110 and h?
2
Suppose -1760 = 165*z - 170*z. Calculate the highest common divisor of 64 and z.
32
Let x be 634/6 - 329/(-141). What is the greatest common divisor of x and 81?
27
Suppose 6*u + 12 = 60. Let c = 32 - u. What is the highest common divisor of c and 168?
24
Suppose h + 2*o - 60 = 0, -4*h + 9*h = o + 300. What is the highest common divisor of h and 570?
30
Let z be (-287)/(-164) + 2121/4. Calculate the highest common factor of 28 and z.
28
Suppose 7 = u - 6. Let m be 4 - (3 - -2) - -118. What is the highest common divisor of u and m?
13
Suppose -c - 3*i - 15 = 0, -3*i - i + 32 = -3*c. Let o be (c/20)/(3 - (-76)/(-25)). What is the greatest common factor of o and 90?
15
Let k = 110 + 9. Let f = 127 - k. Suppose 5*l - 28 + 8 = 0. What is the greatest common divisor of l and f?
4
Suppose 0 = -2*q + 4*q - 78. Let t(f) = -f + 22. Let o be (-190)/(-45) + 5 + 2/(-9). Let x be t(o). What is the highest common factor of q and x?
13
Suppose -3*o - 11 = q, -3*q - 1 = -3*o - 16. Suppose -3*b + 4*l + 30 = -l, b - 14 = 3*l. Let s = o + b. Calculate the highest common factor of s and 5.
1
Let g = 93 + -23. Let f = g - 14. Let u be (f/35)/((-2)/(-25)). Calculate the greatest common factor of 30 and u.
10
Suppose -39*o = -45*o + 13026. What is the greatest common divisor of 13 and o?
13
Let k(l) = -51*l**3 - l**2 - l + 1. Let g be k(1). Let n = -50 - g. What is the highest common divisor of 6 and n?
2
Let p = 1201 - 967. Suppose 0 = -3*z - 2*f + 78, -f - 2*f + 26 = z. Calculate the greatest common divisor of z and p.
26
Let s = -195 - -209. What is the greatest common factor of 742 and s?
14
Let x = 376 + -364. Suppose 15 = f - 3*b - 15, 5*b + 20 = 0. Calculate the greatest common divisor of f and x.
6
Let s be 5/((-6)/2730*-7). What is the highest common divisor of s and 25?
25
Suppose -37*v = -58*v + 1659. What is the greatest common divisor of v and 2449?
79
Suppose -2*f + 6 = 2. Let u(p) = p**2 + p**f + 2*p**2 + 3*p. Let i be u(3). What is the highest common divisor of 15 and i?
15
Let j be (-42)/4*(-8)/3 + 3. Let t = j + -21. What is the greatest common divisor of 90 and t?
10
Let t = 135 + -144. Let s(l) be the first derivative of -l**3/3 - 11*l**2/2 + 22*l - 1. Let g be s(t). What is the highest common divisor of 100 and g?
20
Let v(a) be the third derivative of 7*a**5/60 + a**4/12 - a**3/3 - 2*a**2. Let z be v(-2). Let w = 159 - 71. Calculate the highest common divisor of z and w.
22
Let d = 809 + -503. Calculate the highest common factor of d and 18.
18
Suppose -4*a = 4*y - 744, 2*a + a - 12 = 0. What is the greatest common factor of y and 28?
14
Suppose 3*o + g + 336 = 8*o, -4 = -g. Calculate the highest common factor of 17 and o.
17
Suppose 14 - 26 = -2*q. Let u = 8 + -3. Suppose u*r - 5 = 5. Calculate the highest common factor of r and q.
2
Let n(m) = 2*m**2 - m + 3. Let b be n(3). Suppose p - 4*t - 34 = 0, 2*p + 4*t - 2 = p. What is the greatest common factor of b and p?
18
Suppose 49*o = 34*o + 1155. Calculate the highest common factor of 308 and o.
77
Let m(h) = 23*h**3 - h**2 - 11*h + 11. Let n be m(1). Calculate the greatest common factor of n and 242.
22
Let a be 50/8 - 2/8. Let v(h) = -h**3 - 18*h**2 - 13*h + 21. Let o be v(-17). Let j = 53 + o. Calculate the greatest common divisor of j and a.
6
